ivided by 1008.
21
What is the remainder when 9440 is divided by 941?
30
What is the remainder when 6714199 is divided by 3087?
3061
Calculate the remainder when 3758153 is divided by 320.
73
Calculate the remainder when 140941 is divided by 128.
13
Calculate the remainder when 9669203 is divided by 264.
203
Calculate the remainder when 13421169 is divided by 3725.
3719
What is the remainder when 11080906 is divided by 4577?
4566
What is the remainder when 1506545 is divided by 167389?
44
What is the remainder when 35868568 is divided by 2689?
2686
What is the remainder when 2676482 is divided by 218?
96
What is the remainder when 40694 is divided by 3696?
38
Calculate the remainder when 1132333 is divided by 8320.
813
What is the remainder when 32850661 is divided by 573?
571
What is the remainder when 102242 is divided by 33906?
524
What is the remainder when 470942 is divided by 2907?
8
What is the remainder when 30754698 is divided by 79?
77
What is the remainder when 1499092 is divided by 75?
67
Calculate the remainder when 9577497 is divided by 302.
171
What is the remainder when 808276 is divided by 32315?
401
Calculate the remainder when 2247428 is divided by 321.
107
Calculate the remainder when 7017797 is divided by 1164.
41
Calculate the remainder when 127182 is divided by 12269.
4492
What is the remainder when 195832 is divided by 8499?
355
What is the remainder when 10383291 is divided by 8?
3
What is the remainder when 87622 is divided by 1879?
1188
What is the remainder when 918812 is divided by 76567?
8
What is the remainder when 95781194 is divided by 2108?
2106
What is the remainder when 6497488 is divided by 698?
504
Calculate the remainder when 52909301 is divided by 163.
153
Calculate the remainder when 87370381 is divided by 809.
808
Calculate the remainder when 6926516 is divided by 1754.
1724
What is the remainder when 6471758 is divided by 294167?
84
Calculate the remainder when 3236731 is divided by 19038.
271
What is the remainder when 482647 is divided by 2028?
2011
What is the remainder when 54989 is divided by 4962?
407
Calculate the remainder when 293877 is divided by 9794.
57
Calculate the remainder when 7096948 is divided by 322586.
56
What is the remainder when 212350 is divided by 8?
6
Calculate the remainder when 40765 is divided by 3556.
1649
Calculate the remainder when 2989260 is divided by 373656.
12
Calculate the remainder when 5375982 is divided by 502.
64
Calculate the remainder when 44984881 is divided by 22492438.
5
What is the remainder when 727311 is divided by 2280?
2271
What is the remainder when 2092197 is divided by 778?
155
Calculate the remainder when 263703 is divided by 130381.
2941
What is the remainder when 77974 is divided by 4072?
606
Calculate the remainder when 34913555 is divided by 3967.
3955
What is the remainder when 4065540 is divided by 1843?
1725
Calculate the remainder when 4278188 is divided by 475346.
74
What is the remainder when 639224 is divided by 5558?
54
What is the remainder when 6456735 is divided by 61?
7
What is the remainder when 2372186 is divided by 725?
711
Calculate the remainder when 150877 is divided by 173.
21
Calculate the remainder when 452507 is divided by 4151.
48
Calculate the remainder when 117001814 is divided by 174.
38
What is the remainder when 4383264 is divided by 277?
16
What is the remainder when 94036300 is divided by 4949278?
18
Calculate the remainder when 168147743 is divided by 303.
14
Calculate the remainder when 3958466 is divided by 810.
806
Calculate the remainder when 35554445 is divided by 12.
5
Calculate the remainder when 4787252 is divided by 1089.
8
What is the remainder when 5834 is divided by 2239?
1356
What is the remainder when 702876 is divided by 18000?
876
Calculate the remainder when 734855 is divided by 1363.
198
Calculate the remainder when 5236030 is divided by 1308999.
34
Calculate the remainder when 893707 is divided by 1643.
1558
What is the remainder when 372093 is divided by 10623?
288
Calculate the remainder when 4048886 is divided by 311452.
10
What is the remainder when 47192 is divided by 3623?
93
Calculate the remainder when 84979293 is divided by 28326419.
36
What is the remainder when 205260 is divided by 7884?
276
What is the remainder when 185716 is divided by 2371?
778
Calculate the remainder when 354387 is divided by 121.
99
What is the remainder when 39093 is divided by 279?
33
Calculate the remainder when 322417 is divided by 28.
25
What is the remainder when 246872 is divided by 3855?
152
Calculate the remainder when 86129750 is divided by 12304250.
0
What is the remainder when 533351 is divided by 27948?
2339
Calculate the remainder when 31212742 is divided by 11823.
22
What is the remainder when 339259 is divided by 8939?
8516
Calculate the remainder when 20112168 is divided by 5392.
8
Calculate the remainder when 30052098 is divided by 3339121.
9
What is the remainder when 1130047 is divided by 54?
43
Calculate the remainder when 2238699 is divided by 20.
19
What is the remainder when 5368439 is divided by 196?
195
Calculate the remainder when 3598997 is divided by 17138.
17
What is the remainder when 238192281 is divided by 106?
105
What is the remainder when 2600199 is divided by 439?
2
What is the remainder when 800290 is divided by 18151?
1646
What is the remainder when 130317702 is divided by 10859808?
6
Calculate the remainder when 2058718 is divided by 206.
160
What is the remainder when 74050 is divided by 3588?
2290
What is the remainder when 2471301 is divided by 127?
8
Calculate the remainder when 33307578 is divided by 82.
80
Calculate the remainder when 15541 is divided by 1915.
221
What is the remainder when 339548 is divided by 56564?
164
Calculate the remainder when 32169 is divided by 1455.
159
What is the remainder when 13484710 is divided by 100?
10
Calculate the remainder when 40460 is divided by 298.
230
Calculate the remainder when 56381 is divided by 16904.
5669
What is the remainder when 31044 is divided by 1042?
826
Calculate the remainder when 27240012 is divided by 48.
12
Calculate the remainder when 415350 is divided by 173.
150
Calculate the remainder when 6613464 is divided by 3863.
8
Calculate the remainder when 11713835 is divided by 35932.
3
What is the remainder when 24861690 is divided by 3819?
0
What is the remainder when 100904 is divided by 99308?
1596
What is the remainder when 144336 is divided by 713?
310
What is the remainder when 1887290 is divided by 784?
202
Calculate the remainder when 14154273 is divided by 524232.
9
Calculate the remainder when 17168914 is divided by 174.
160
Calculate the remainder when 97180 is divided by 102.
76
Calculate the remainder when 441559 is divided by 4702.
4273
What is the remainder when 62375 is divided by 59607?
2768
What is the remainder when 1026408 is divided by 648?
624
What is the remainder when 10101670 is divided by 306?
304
What is the remainder when 6970748 is divided by 114?
104
Calculate the remainder when 66961 is divided by 318.
181
What is the remainder when 2774846 is divided by 343?
319
Calculate the remainder when 22514960 is divided by 7505.
7465
What is the remainder when 136989 is divided by 22807?
147
Calculate the remainder when 164344512 is divided by 82172250.
12
Calculate the remainder when 629562 is divided by 5333.
268
What is the remainder when 129686 is divided by 129570?
116
What is the remainder when 56252 is divided by 755?
382
What is the remainder when 64472446 is divided by 30?
16
What is the remainder when 424600 is divided by 11169?
178
What is the remainder when 37768169 is divided by 12383?
19
What is the remainder when 75354 is divided by 3025?
2754
Calculate the remainder when 23948764 is divided by 17304.
28
Calculate the remainder when 361811 is divided by 216.
11
What is the remainder when 2120569 is divided by 733?
0
What is the remainder when 681470 is divided by 51464?
12438
What is the remainder when 616535 is divided by 538?
525
Calculate the remainder when 257988 is divided by 1103.
989
Calculate the remainder when 20610622 is divided by 287.
4
Calculate the remainder when 21842938 is divided by 276.
22
What is the remainder when 251829 is divided by 251433?
396